(b) = 4*b**2 + 33*b - 1729. What is the tens digit of l(-48)?
0
Let s(c) = c**2 - c + 906. Let m be s(0). Let n = -630 + m. What is the tens digit of n?
7
Let s = 378 - 119. Suppose 5*t + s = -3*o, 89 + 186 = -3*o - t. Let d = o - -209. What is the hundreds digit of d?
1
Let m(g) = 13*g**2 - 3*g - 12. Let v(d) = d**3 + 3*d**2 - 7*d - 11. Let z be v(-2). What is the units digit of m(z)?
4
Suppose 4*v = -2*u + 29014, 24*u - 5*v - 72625 = 19*u. What is the thousands digit of u?
4
Let g = 884 + -409. Suppose -g = -5*q + v, v = -5*q - 0*v + 485. What is the units digit of q?
6
Let w be (330/132)/((-1)/(-2)). Suppose 2*i - w*y + 1668 = 4*i, i - 5*y - 834 = 0. What is the tens digit of i?
3
What is the tens digit of (-1 + 4525)*(-671)/(-44)?
9
Let h = 330 - 537. Let b = h + 119. Let r = -48 - b. What is the units digit of r?
0
Let k(p) = -570*p + 26. What is the thousands digit of k(-18)?
0
What is the hundreds digit of 8/24 + (0 - 29905/(-15))?
9
Let s(w) = 13665*w - 1674. What is the ten thousands digit of s(2)?
2
Suppose -2*f + 6*x - 4*x = -20, -4*x = 8. Suppose -f*m = -m - 56. What is the tens digit of 114 + 20/(-5) + m + -3?
1
Let b = 60197 - -26430. What is the ten thousands digit of b?
8
Let q be (26/(-39))/((-4)/78) + -2. Suppose -23 + q = -6*s. Suppose -y + s*k = -118, 5*y - 4*k - 555 = -k. What is the tens digit of y?
0
Let b(d) = 30*d**2 - 47*d - 368. What is the thousands digit of b(28)?
1
Let u = -139 + 91. Let x = 50 + u. Suppose -x*m - 50 = 5*n - 398, -3*n - 564 = -3*m. What is the tens digit of m?
8
Suppose -5*v + 22496 = 3*v. Suppose 2*u - 928 = -q, -3*q - 2*u + 3*u + v = 0. What is the tens digit of q?
3
Suppose 0 = -7*z - 19 + 47. Suppose v = z*v - 2*x - 1228, 3*x - 823 = -2*v. What is the units digit of v?
0
Let s(d) = -4*d**2 + 2*d - 35. Let l(v) = -v**2 - v - 1. Let b(u) = l(u) - s(u). What is the tens digit of b(-11)?
3
Let r(z) = -4 + 2 - 13 + 247*z - 2. Let s be r(3). Suppose 4*d = 5*n - 712, 8*n - s = 3*n - 2*d. What is the hundreds digit of n?
1
Let r = -833 - -5580. What is the units digit of r?
7
Let q = -11 + 26. Let j(w) = w - 11. Let f be j(q). Suppose -m + 66 = -f*n - 5, -3*n = -2*m + 137. What is the tens digit of m?
6
Let j = 514 + -511. Suppose -j*l - 3*h + 1425 = 0, -475 = -l + 7*h - 11*h. What is the hundreds digit of l?
4
Let x be -3 + (-2 - -67) + 0. Suppose x*m - 12 = 61*m. Suppose 0 = m*f - 1983 + 51. What is the units digit of f?
1
Suppose -108*a + 151*a - 241303 = 279470. What is the tens digit of a?
1
Let x(k) = 897*k + 170. What is the hundreds digit of x(23)?
8
Let h = -47 - -56. Suppose 11*x = h*x + 554. What is the units digit of x?
7
Suppose -g = 2*u - 73200, -u - 5*g + 11921 + 24688 = 0. What is the tens digit of u?
9
Suppose r = 3*o - 12, -4*r + o = -r + 4. Let g(t) = t + 44. Let p be g(r). Suppose -4*y - 12 + p = 0. What is the units digit of y?
8
Suppose 0 = -98*r + 99*r - 3. What is the tens digit of 3*r/9 - -1067?
6
Suppose -k = -5, -2*t = k - 589 - 184. Suppose -4*n = -4*q + 7 - 3, 2*n = -3*q - 7. What is the tens digit of 7*-1*(t/(-42) + n)?
7
Let n(t) = -3*t - 44. Let w be n(-16). What is the tens digit of (-1 - (29*-2 - w)) + 3?
6
Let n = -57 + 52. What is the tens digit of -459*5/n - -1?
6
Let k = 2319 - -3212. What is the units digit of k?
1
Let a(t) = 2*t**3 - 4*t**2 - t + 3. Let x be a(3). Let d be ((-2)/6)/(6/x)*-273. Suppose -3*f + d = -0*f. What is the units digit of f?
1
Let z(l) = -5*l**2 - l + 8. Let o(r) = 9*r**2 + 2*r - 13. Let p(c) = -6*o(c) - 11*z(c). Suppose 0 = 20*t - 19*t - 7. What is the units digit of p(t)?
2
Suppose 17*c + 11*c = 0. Suppose c*j + 76 = 4*j. What is the units digit of j?
9
Suppose 2*i = -2*u - 12363 + 67821, -3*i + 83177 = u. What is the thousands digit of i?
7
Suppose -25*z + 4*u = -2128092, z = -0*z + 4*u + 85116. What is the tens digit of z?
2
Suppose 2*d - 4*d = 5*j - 1421, 0 = -5*d + 15. Suppose -j + 824 = m. What is the units digit of m?
1
Suppose -4*k + 5*k + 176 = 2*y, 4*y - 346 = -k. Let z = 89 - y. Suppose 4*t + 488 = z*n, -5*n - 9*t + 1276 = -5*t. What is the hundreds digit of n?
2
Let g(k) = -4*k - 35. Let w be g(-10). Let y(t) = -t**3 + 8*t**2 + 8*t + 7. Let n be y(w). Let c = -75 + n. What is the units digit of c?
7
Suppose g + 5*g - 54 = 0. Suppose -2*r + a + 0*a = -g, -4*r - 5*a = -25. Suppose r*j - 422 = -s, -178 = -5*j + 3*j - 5*s. What is the tens digit of j?
8
Let m = -58 + 16. Let q = m - -25. Let b = q - -222. What is the tens digit of b?
0
Suppose 2*q = 2*k - 94519 + 238231, -5*q - 5*k = -359350. What is the ten thousands digit of q?
7
Suppose -3*g + 0*g = -5*v + 12, -4*v + 12 = -3*g. Suppose 54*d - 51*d - 2067 = v. What is the units digit of d?
9
Suppose 2*u = 2*o + 12, -44*u - 15 = -41*u. What is the units digit of 644 - ((-5 - o) + -3)?
1
Let i = 5337 + 3089. What is the tens digit of i?
2
Let y = 34 + -32. Let q(w) = -w + 8 - y - 14*w. What is the tens digit of q(-4)?
6
Suppose 7*q - 618 = 13*q. Let t = 176 - q. Suppose v - t = -l, 15 = 2*v + v. What is the units digit of l?
4
Suppose 35358 = -468*t + 474*t. What is the thousands digit of t?
5
Let u = -42 + 108. Let t = u + 109. What is the units digit of t?
5
Let l(m) = 2*m**2 - 4*m + 3. Let b be l(2). Suppose 4*z + 18 = -2*p, -b*p = 4*z + 32 - 11. What is the units digit of (18 + 1)/((-1)/z)?
7
Let b(t) = -t**2 - 12*t + 49. Suppose 4*s - w + 3*w + 90 = 0, 3*s + 61 = 5*w. Let l be b(s). What is the tens digit of l/2*(-2)/3?
5
Suppose -25*d + 112608 = -484079 - 349438. What is the thousands digit of d?
7
Let w be -7 - 1 - -6 - -5. Let k(g) = 38*g**3 - 4*g**2 + 4*g. What is the hundreds digit of k(w)?
0
Suppose -89154 + 35369 = -6*l + 119561. What is the units digit of l?
1
Let t = 342 + -291. Suppose 17*y + 19992 = t*y. What is the hundreds digit of y?
5
Let z be 2/9 - (-32)/18. Suppose -58 - 17 = -3*p. Suppose g - 5*f - 86 = -p, -z*g = -f - 149. What is the units digit of g?
6
Let w(q) be the first derivative of 19*q**2/2 + 19*q + 23. Let k(p) = p - 1. Let u(h) = -2*k(h) - w(h). What is the tens digit of u(-5)?
8
Suppose -4*n + 4*z = 9*z - 80801, 0 = 3*z + 9. Suppose -21*a - 3845 + n = 0. What is the hundreds digit of a?
7
Suppose 23*l = 9*l + 14425 - 2917. What is the units digit of l?
2
Let a = 17 + -1. Suppose -1750 = -30*b + a*b. What is the tens digit of b?
2
Suppose 26*k - 308 = 342. Suppose -15125 = -k*l + 5300. What is the hundreds digit of l?
8
Let u = 3357 + 71740. What is the thousands digit of u?
5
Let q = -23449 - -33827. What is the ten thousands digit of q?
1
Suppose 49*n + 128*n - 1063239 = 0. What is the thousands digit of n?
6
Let x(h) = -h**3 + 13*h**2 + h + 9. Let j = -191 - -199. What is the units digit of x(j)?
7
Suppose -44*o = -45*o - 6. What is the units digit of (278/o)/((-9)/54)?
8
Let d(m) = 11*m**2 - 143*m + 71. What is the thousands digit of d(20)?
1
What is the units digit of (0 + 15777)/(26/117*42 + -9)?
1
Suppose -5*i + 1210 + 1874 = 4*g, 0 = 4*g - 4*i - 3048. What is the tens digit of g?
6
Let m(j) = j**3 + 5*j**2 - 3*j - 1. Let o be m(-4). Suppose 0 = 2*n - o - 51. Suppose -251 = -4*v - 3*u, 2*v - 5*u = 106 + n. What is the units digit of v?
5
Let b(y) be the second derivative of 7*y**3/6 - 29*y**2/2 - y - 35. Suppose 4*k - 4*w = 56, 5*k - 2*k = -2*w + 62. What is the tens digit of b(k)?
9
Suppose -2772*j + 181236 = -2760*j. What is the ten thousands digit of j?
1
Let l(g) = -105*g - 718. What is the hundreds digit of l(-51)?
6
Suppose 0 = 3*z + 5*r - 25, 7*z = 2*z - 5*r + 35. Suppose -z*o = -3172 + 607. What is the tens digit of o?
1
Suppose -20*d = -47*d + 13*d + 277564. What is the hundreds digit of d?
8
Let m = 6240 - 2068. What is the tens digit of m?
7
Let i be 6153/((-4)/8*(-2)/3). What is the units digit of 9/(-12) + i/84?
9
Let h = -3633 + 5489. What is the tens digit of h?
5
Let r(n) = 159*n**2 - n + 2. Let h be r(1). Suppose 2*p = -2*k + 210, 5*p - 330 - h = 2*k. Let q = p - 44. What is the tens digit of q?
5
Let m(y) = 15*y**2 - 42*y - 154. Let r(p) = 7*p**2 - 21*p - 79. Let d(j) = -4*m(j) + 9*r(j). What is the units digit of d(20)?
5
Let h = -161 - -161. Suppose -302*s + 307*s - 2330 = h. What is the hundreds digit of s?
4
Let o = 10027 + -5859. What is the hundreds digit of o?
1
Suppose 1 = -c, j = 2*c - 2 + 7. Suppose -7 - 29